ded by 9?
8
Suppose 0*z - 3*z = -21. Suppose -4*l + j = -0*j + 17, 3*j = -3*l + 6. Let n = l + z. What is the remainder when 6 is divided by n?
2
Let o be 4/(-4) - 2 - -8. Suppose 625 - 220 = o*k. What is the remainder when k is divided by 21?
18
Suppose -60 = d - 5*d. Calculate the remainder when 42 is divided by d.
12
Suppose 0*l + 402 = 2*l. What is the remainder when ((-3)/(-3))/(3/l) is divided by 23?
21
Suppose 101 - 37 = 4*r + 2*x, -5*r = 2*x - 78. Let f = r - 6. What is the remainder when 14 is divided by f?
6
Let w(d) = d**2 + 4*d - 4. Let o be w(-4). Let g(t) = 3*t**2 - 3*t - 2. Let m(x) = 2*x**2 - 10*x + 8. What is the remainder when g(o) is divided by m(6)?
18
Suppose -5*n - 21 = -4*a - 0*n, -4*n + 57 = 5*a. What is the remainder when 50 is divided by a?
5
Let u = 106 + 65. Suppose 3*r + u = 3*g + 7*r, -2*g + 4*r = -114. Suppose -3*j - g = -144. What is the remainder when j is divided by 10?
9
Suppose -2*t + 0*v - v = -21, -5*t + v + 42 = 0. Let x = 15 - t. Suppose 3*n = 59 + 10. What is the remainder when n is divided by x?
5
Let z be (92/(-3))/(4/(-12)). Suppose -n - 3 + z = 0. What is the remainder when n is divided by 23?
20
Let f = -11 + 26. Calculate the remainder when f is divided by 10.
5
Suppose 5*k - 112 = -6*c + 2*c, 0 = -3*k + c + 57. Suppose 0 = -5*q + 115 + 165. Calculate the remainder when q is divided by k.
16
Suppose 0 = 5*u - u - 52. Suppose 3*t = -t + 228. Suppose 0 = 3*y + 2*b - 70, -2*y - 4*b - 13 = -t. What is the remainder when y is divided by u?
11
Let h(u) = 3*u**2 + 4*u - 2. Suppose 0 = 4*m - 102 + 18. What is the remainder when h(4) is divided by m?
20
Let s(a) = -a**3 + 6*a**2 + 5*a - 6. Suppose -2*b - 5*q + 40 = 0, 0*b - 3*q + 81 = 5*b. Calculate the remainder when s(5) is divided by b.
14
Let x = 7 - 4. Let p be (44/6)/(2/x). Suppose 0 = 3*v - 2*v - p. What is the remainder when 32 is divided by v?
10
Suppose 0 = j - 14 + 3. Let c(f) = -f**3 + 2*f**2 + 6*f + 4. Let q(a) = -a**2. Let p(n) = -c(n) - 5*q(n). What is the remainder when j is divided by p(-4)?
3
Suppose 17*h - 112 = 143. What is the remainder when 178 is divided by h?
13
Let d(j) = 2*j - 1. Let w be d(-3). Let b(p) = -7*p + 5. Calculate the remainder when b(w) is divided by 11.
10
Let z = 9 + 3. Let d(h) = 12*h - h + 0 + 1. Calculate the remainder when d(3) is divided by z.
10
Let c = 37 - 26. What is the remainder when (10*2)/2*3 is divided by c?
8
Let f be (-104)/10 + (-2)/(-5). Let o = 28 + f. What is the remainder when 34 is divided by o?
16
Let z = -6 + 10. Suppose -z*f - f = 0. Suppose 3*k - 3 = 0, -k - 11 = -o - f*k. What is the remainder when 34 is divided by o?
10
Calculate the remainder when 4/4 + 9/3 is divided by 3.
1
Let h = 43 + -31. Suppose -8*q + 3*u = -3*q - 182, 3*q - 4*u - 118 = 0. What is the remainder when q is divided by h?
10
Let n(j) = j**2 - 6*j + 4. Suppose 8 + 2 = 2*u. Suppose -23 - 12 = -u*k. Calculate the remainder when n(k) is divided by 6.
5
Suppose 40 = -k + 3*r, -5*r - 260 = 2*k + 3*k. What is the remainder when 33 is divided by (-819)/k + (-4)/(-14)?
16
Suppose -2*f - 2*x + 58 = 0, 2*f - 2*x = -x + 43. Calculate the remainder when f is divided by 9.
6
Calculate the remainder when (24/9)/(-4*3/(-738)) is divided by 56.
52
Calculate the remainder when 0 - -92 - (-2)/1 is divided by 24.
22
Let g(u) = 1 + 7*u**2 + 3*u**3 - 3*u**2 - 4*u**3. Calculate the remainder when (56/(-10))/(1/(-5)) is divided by g(3).
8
Let s be 1/((2/2)/1). Let j = -4 - s. Let m = 6 + j. Calculate the remainder when 1 is divided by m.
0
Suppose 8*k - k = 98. What is the remainder when 53 is divided by k?
11
Suppose p - 3*z - 14 = 0, 0*z = -p - 2*z + 14. Suppose 0*j + p = j. What is the remainder when 26 is divided by j?
12
Let h(a) = a**2 + 6*a + 1. Let q be h(-5). Let r(m) = m**3 + 6*m**2 + 5*m - 1. Calculate the remainder when 41 is divided by r(q).
8
Let v(i) = i**2 + 7*i + 19. Calculate the remainder when v(-7) is divided by 8.
3
Let m be 1/(-3) - 22/6. Let c = -4 - m. Suppose y + y - 52 = c. Calculate the remainder when y is divided by 9.
8
Let x = 2 + 2. Suppose -3*s - 3 = -x*v, -3*v - s = -2*s - 6. Suppose 3*k - 28 = -p, 3*p = v*k - 45 - 3. Calculate the remainder when 32 is divided by k.
10
Suppose -39 = -3*b - 2*k + k, -3*k - 37 = -2*b. Let p = 9 + -1. Calculate the remainder when b is divided by p.
6
Suppose -5*g - 18 = 12. Let u(n) = n**3 + 9*n**2 + 4*n - 5. Let h be u(g). Let s = -13 + h. What is the remainder when s is divided by 17?
15
Suppose 90 = q + 4*q. Suppose -5*r = -r - 12, 3*y - q = -r. Calculate the remainder when y is divided by 2.
1
Let m(z) = 9*z + 4. Let b = -8 + 22. What is the remainder when m(4) is divided by b?
12
Suppose -5*y - 2*x + 17 = -4*y, 0 = 4*y - 5*x - 120. Calculate the remainder when 43 is divided by y.
18
Let d(x) = 10*x**2 + 1. What is the remainder when 96 is divided by d(1)?
8
Suppose 0 = -2*d + 90 + 116. Suppose 0*n - 3*u - d = -5*n, -2*n - u + 39 = 0. Calculate the remainder when 39 is divided by n.
19
Let u = 416 + -403. Let o(x) = -x**3 - 3*x**2 + 5*x - 2. Calculate the remainder when o(-5) is divided by u.
10
Let h(q) = 5*q - 6. Calculate the remainder when h(13) is divided by 16.
11
Calculate the remainder when 57 is divided by ((-8)/10)/(7/(-175)).
17
Let w(k) = k**3 - 12*k**2 + 2*k - 11. Let i be w(12). Suppose 58 = 3*b + i. Calculate the remainder when 57 is divided by b.
12
Let f be (-8)/3*54/(-8). Suppose -t - t + f = 0. Calculate the remainder when t is divided by 6.
3
Suppose 2*z + 51 = v, -2*v + 102 = -0*v + z. What is the remainder when v is divided by 27?
24
What is the remainder when 63 is divided by (-22 - 0)*(-7)/14?
8
Let j be 3/6 + (-7)/(-2). Suppose -5*x = 15, -o + 0*x - j*x - 1 = 0. Suppose o = -s + 2*s. What is the remainder when 43 is divided by s?
10
Let t be 4/(-6)*9/(-3). Let w be (-5)/t*(-6 - -4). Suppose 4*o + x = -5 + 44, 3*o - w*x = 58. Calculate the remainder when 20 is divided by o.
9
Let y be 108/63 - (-2)/7. Let f(x) = x**3 + 7*x**2 - 4*x - 1. Let d be f(-7). Suppose y*r - d = -r. What is the remainder when r is divided by 5?
4
Let j = 95 - 40. Let t = j + -30. What is the remainder when t is divided by 13?
12
What is the remainder when 1/(-1*4/(-80)) is divided by -2 - 1/((-3)/42)?
8
Suppose 2*z + y + 1 = -0*z, -2*y - 2 = -4*z. Suppose 5*c = -z*c + 4*b + 27, -3*b - 29 = -5*c. Calculate the remainder when 33 is divided by c.
5
Let a = 30 + 14. Calculate the remainder when a is divided by 12.
8
Let g(f) = f**3 - 10*f**2 + f - 9. What is the remainder when 4 is divided by g(10)?
0
Let b = -7 + 14. Calculate the remainder when 13 is divided by b.
6
Let x(f) = -f - 1. Let v = 11 - 7. Let a be x(v). What is the remainder when (-2)/5 + (-72)/a is divided by 5?
4
Suppose -2*v = -3*v + 51. Suppose 3*n - 6*n = -v. What is the remainder when n is divided by 60/8*4/6?
2
Suppose 0 = 5*a - 95 + 5. Suppose 4*z - 40 = 3*w, 3*w - 6 - 4 = -z. What is the remainder when a is divided by z?
8
Suppose -2*n + 16 + 6 = 0. Suppose -k + 23 + n = 0. What is the remainder when k is divided by 18?
16
Suppose -o + 124 = 100. What is the remainder when 67 is divided by o?
19
Let i = 13 - 5. Let n = i - 36. Let a = -11 - n. What is the remainder when 65 is divided by a?
14
Let q(p) = p**3 - 9*p**2 + 2*p - 5. Suppose -24 = -2*s + s. Calculate the remainder when s is divided by q(9).
11
Let m(u) be the second derivative of -u**4/12 - 5*u**3/2 - 3*u**2 - u. Calculate the remainder when m(-12) is divided by 8.
6
Let j be 6/(-8) + 301/28. Let z(w) = -22*w**3 - w. Calculate the remainder when z(-1) is divided by j - (1 - (0 - 1)).
7
Let v(r) = -r**2 - 9*r - 2. Let k be v(-8). Suppose -t + k = t. Calculate the remainder when 2 is divided by 1/t - 4/(-6).
0
Suppose -2*j - j - u = 4, -j = -5*u - 4. Let y(c) = -15*c**3 - c**2 - c. Let m(r) = r**2 - 8*r - 5. What is the remainder when m(11) is divided by y(j)?
13
Suppose -5*t + 39 = -l, 3*t + 3*l = -t + 35. Let q = t + 9. Calculate the remainder when 32 is divided by q.
15
Let v be (-127)/(-3) + 14/21. Let h = 153 - v. Let c = h + -49. What is the remainder when c is divided by 21?
19
Let f = 232 + -192. Calculate the remainder when 279 is divided by f.
39
Suppose 4*u + 5 = 5*s - 12, -4*u + 2*s = 2. Suppose 50 = 5*p - k, -u*p - p + 30 = -k. Wha